 q be z(-6). Suppose -a + q = 8*a. What are the prime factors of a?
5, 43
Let v(s) be the third derivative of -s**4/24 + 5*s**3/6 - 15*s**2. Let o = -21 - -6. List the prime factors of v(o).
2, 5
Let b(u) = -u + 113. Let s = -72 + 75. Suppose -3 + s = d. List the prime factors of b(d).
113
Suppose 2*i - 1466 = 5*g, 1165 = -3*g - g - i. Suppose 12 = -10*c + 13*c. List the prime factors of (-2)/(c - g/(-72)).
2, 3
Let i be 8/6 - (-22200)/(-72). Let w = i + 743. What are the prime factors of w?
2, 109
Suppose 17*u + 42*u + 141*u - 12702200 = 0. List the prime factors of u.
7, 43, 211
Let b = -1746 + 3630. Suppose -5*u - b = -11*u. List the prime factors of u.
2, 157
Let t(p) = 5*p**2 - 67*p + 530. List the prime factors of t(30).
2, 5, 151
Let y(a) = -a**3 - 6*a**2 + 3*a + 30. Let s be y(-6). List the prime factors of -1 + 1/3 + 1904/s.
2, 79
Let c(n) = 25*n + 26. Let x be (6/30)/(5/150). List the prime factors of c(x).
2, 11
Let h(d) = 4*d**2 + d. Let m(c) = 3*c**2 + c. Let z(i) = i**3 - 8*i**2 + 8*i - 12. Let l be z(7). Let a(q) = l*m(q) + 4*h(q). List the prime factors of a(-8).
2, 3
Suppose 5*h - 3*h + 54 = 0. Let s = 33 + h. Let i(d) = 10*d + 15. What are the prime factors of i(s)?
3, 5
Suppose -2*u - 5*g = 0, 5*u - u = -2*g. Let b be 3*((-2)/(-6) - u). List the prime factors of (-5)/3*(b*-144)/4.
2, 3, 5
Suppose 5*c + 43 = -62. Let m be 2/(-8) + c/(-4). Suppose 151 = m*v - 204. What are the prime factors of v?
71
Suppose -h = 5*o - 125355, -o + 5*h = -19372 - 5699. What are the prime factors of o?
3, 61, 137
Let p be -256 + (-1)/(1/(-2)). Let m = 518 + p. What are the prime factors of m?
2, 3, 11
Let i be 4 + 147/(-9) + 2/6. List the prime factors of (i - -6 - 1271)/(-1).
1277
Let q(m) = -51*m**2 - 6*m + 5. Let l be q(1). Let g = l + 72. Let j = g + -4. List the prime factors of j.
2
Suppose -19*f + 7 = -31. Suppose -5*y = -2*c - 3*c + 1610, 322 = c - f*y. List the prime factors of c.
2, 7, 23
Let t(a) = a**2 - 6*a - 4. Let b be t(7). Suppose 4*m = -b*o + 76, -o + 3 = 2*m - 21. Suppose -z - 4*j + 1 + 6 = 0, -j + o = 2*z. List the prime factors of z.
3, 5
Let b(m) = 9*m**2 + 980*m - 489. List the prime factors of b(-118).
9187
Suppose 5*v - 2*x = 11, -4*v + 4*x = -45 + 41. Suppose 3*d = 2*d. Suppose -v*t + 197 = -f, t + 5*f - 71 = -d*f. List the prime factors of t.
2, 3, 11
Let t(f) = 1433*f**2 - 76*f + 282. List the prime factors of t(4).
2, 13, 881
List the prime factors of (-4050)/(-3375)*((-1)/2 + (-103406)/(-12)).
2, 5, 11, 47
Suppose 58 = -4*z + 218. Suppose -23685 - 12995 = -z*q. What are the prime factors of q?
7, 131
Let g = 84 + -80. Suppose -4 + g = 3*y. Suppose y*s - 405 = -5*o - 5*s, 0 = -4*s + 20. What are the prime factors of o?
2, 19
Let t(w) = -8*w - 22. Let g = -354 + 234. Let h be (1/2)/(4/g). What are the prime factors of t(h)?
2, 7
Let b be (14/(-35))/((-3)/(-38520)). Let i = b - -7226. List the prime factors of i.
2, 5, 11, 19
Let m(p) = -600*p + 7*p**3 + 15 - p**2 + 1 + 599*p + 3. What are the prime factors of m(3)?
2, 7
Suppose -s + 6*s = -b + 18, 0 = 5*s - 20. Let w be (2/(-8))/(b/40). Suppose -4*f + w + 87 = 0. What are the prime factors of f?
23
Suppose 2716 = -0*d - 4*d. List the prime factors of (2*2)/((-14)/d).
2, 97
Suppose 48*c = 43*c + 5800. Let p = 2463 - c. What are the prime factors of p?
1303
Suppose 650*j + 924 = 653*j. Suppose -12*y + j = -3100. List the prime factors of y.
2, 71
Let s be 16/(-72)*-3 + 68/6. Let k be s/8*184/4. Let p = k + -44. List the prime factors of p.
5
Suppose -39382 = -13*q + 262725. List the prime factors of q.
17, 1367
Suppose -387 = -3*d + 3*v, -3*d = d + 4*v - 532. Suppose -4*h - d = -863. Suppose 18 - h = -5*w. What are the prime factors of w?
3, 11
Suppose 4*m - 3*b + 9 = 0, -2*m - 3*b - 6 = -5*b. Let d be (m - -2 - 0) + 40. Suppose -2*t - 4 = -d. List the prime factors of t.
19
Let j(n) = 17*n**2 - n - 1. Let r(x) = -x**3 - 7*x**2 - 9*x - 13. Let w be r(-5). Let c = w - -16. What are the prime factors of j(c)?
3, 23
Suppose 131077 = -52*k + 78*k - 33243. What are the prime factors of k?
2, 5, 79
List the prime factors of (12/9 + 1277388/27)*2/4.
2, 2957
Let m be 40*((-44)/10 + 2). Let o be ((-6)/8)/((-12)/m). List the prime factors of (250/15)/((-4)/o).
5
Suppose 0 = -j - 2*k + 11514, j + k + 1131 = 12639. List the prime factors of j.
2, 3, 71
Suppose 4*r - 101 = -89. Suppose 3*y - 13 - 13 = -5*u, 5*y = -4*u + 13. Suppose 2*d - u*d = x - 43, 0 = r*d - 3*x - 15. What are the prime factors of d?
2
Suppose 3*x - 4833 = 3318. Let z = x - 1121. List the prime factors of z.
2, 3, 7, 19
Let w = -17 - -2. Let a = 328 + -322. Let q = a - w. What are the prime factors of q?
3, 7
Suppose -6*x + 0*x - 3*x = 0. Suppose 0 = 3*c - 2*n + 73 + 186, -2*c + 4*n - 178 = x. Let a = -46 - c. List the prime factors of a.
3, 13
Suppose 0 = 5*i - 10, -2*a - 4*i = 168 - 1544. Let p = a + -326. What are the prime factors of p?
2, 179
Let q(n) = -51*n. Let m be q(1). Let s be 17/m*(1 + 266). Let u = 57 - s. What are the prime factors of u?
2, 73
Suppose -2*q - 1504 - 1068 = -4*a, 4*q = -3*a + 1940. Suppose 289 = 3*u - a. List the prime factors of u.
311
Let b = -217415 + 306793. What are the prime factors of b?
2, 23, 29, 67
Suppose 4*o + 9*b - 105131 - 42881 = 0, 3*b - 36997 = -o. What are the prime factors of o?
37021
Suppose -y - 2*s + 0 - 12 = 0, 5*s + 10 = 0. Let x(g) be the second derivative of g**4/4 + 2*g**3/3 - 9*g**2 + 36*g. What are the prime factors of x(y)?
2, 71
Let f = -5462 - -6159. What are the prime factors of f?
17, 41
Suppose -3*v + 2*o = -27, 13 = v + 2*o - 4. Suppose -17*t + v*t = -1242. What are the prime factors of t?
3, 23
Let v(r) = -2*r**2 + r - 37. Let n be v(14). Let j = -273 - n. List the prime factors of j.
2, 71
Let r be -4 + 78*(164 - 5). Let s = r - 8365. Suppose s = 16*n + 17. What are the prime factors of n?
251
Let r be (-2)/2*4 + 6. List the prime factors of (-22 - -245) + (r + -1 - 6).
2, 109
Suppose 3*m + 6*m - 10557 = 0. Suppose 2*w - 7*w + m = 2*i, 0 = -3*w - 4*i + 715. List the prime factors of w.
233
Suppose -159 + 171 = 2*c. Suppose c*h - 11*h + 1110 = 0. List the prime factors of h.
2, 3, 37
Suppose 11*q + 20279 - 55061 = 0. What are the prime factors of q?
2, 3, 17, 31
Suppose 6*v - 25826 - 13354 = 0. Suppose -163*y = -153*y - v. List the prime factors of y.
653
Let t(v) = 38*v - 13 - 47 + 83*v. What are the prime factors of t(4)?
2, 53
Let v(d) = -2*d**2 - 18*d - 11. Let b be v(-8). Suppose -5*f + 4 - 18 = 3*i, 0 = -b*i - f + 6. Suppose 0 = -i*z + 126 + 20. List the prime factors of z.
73
List the prime factors of (528/33 - (0 - 2))/(3/160).
2, 3, 5
Suppose -2*n + 3*o = -15085 - 209, -4*o = 24. List the prime factors of n.
2, 3, 19, 67
Let l(b) be the first derivative of b**4/4 - 4*b**3/3 + 9*b**2/2 - 3*b + 207. Let f = -1 - -8. What are the prime factors of l(f)?
3, 23
Suppose 37*b + 136*b - 2353536 = 29*b. List the prime factors of b.
2, 3, 227
Let f(g) = 25*g + 11. Let q be ((-4)/4)/(2/34). Let y = -14 - q. What are the prime factors of f(y)?
2, 43
Let z(j) = -8*j + 31. Let y = 34 - -2. Let g = y + -43. What are the prime factors of z(g)?
3, 29
Let u = -9664 - -41981. What are the prime factors of u?
17, 1901
Suppose 4 = 4*f + 2*w + 6, 0 = -3*f + 4*w - 7. Let p(h) = -449*h**3 + h**2 + 2*h. What are the prime factors of p(f)?
2, 7
Suppose 2*a - 36946 = 2*i, 5*a - 4*i - 14266 = 78105. List the prime factors of a.
17, 1087
Suppose -38*t - 299887 + 1075809 = 0. List the prime factors of t.
7, 2917
Let f(h) = 499*h - 33. List the prime factors of f(35).
2, 2179
Let i(z) = 38*z**2 + 11*z - 48. List the prime factors of i(3).
3, 109
Let g(v) = 680*v**2 - 256*v - 1726. List the prime factors of g(-7).
2, 16693
Let p be 21/15 + -1 - (-6759)/15. Suppose 2*y + p = 1651. List the prime factors of y.
2, 3, 5
Let b(z) = -2*z**2 - 110 + 50 + 51*z + 97. List the prime factors of b(24).
109
Suppose p - 2*x = 40374, 1117*p = 1121*p + 3*x - 161452. What are the prime factors of p?
2, 20183
Let d = -9102 - -15724. List the prime factors of d.
2, 7, 11, 43
Let d(p) = 5*p**3 + 6*p**2 + 15*p - 32. Let x(j) = 6*j**3 + 6*j**2 + 15*j - 31. Let z(i) = -5*d(i) + 4*x(i). List the prime factors of z(-9).
2, 3, 23
Let o be -3 + (0 - 0) + (0 - -350). Suppose -l - 1855 = -5*q, 